is the hundreds digit of c?
1
Let b(y) = y**3 + 7*y**2 + 9*y - 3. Let z be b(-5). Suppose -4*p + 4*d = -140, p - 11 - 25 = z*d. Let v = p - 26. What is the units digit of v?
8
Let c = 2918 + 1172. What is the tens digit of c?
9
Let j(d) = 11*d + 248. What is the tens digit of j(0)?
4
Let g = 1838 + -1110. What is the hundreds digit of g?
7
Let d be 6/30 - (-54)/5. Let c = -7 + d. Suppose c*w - 145 - 19 = 0. What is the units digit of w?
1
Let h = 855 + 85. What is the units digit of h?
0
Let w(d) = 366*d**2 + 2*d. What is the tens digit of w(-1)?
6
Let r = -81 - -76. Let o(d) = -d + 9. What is the units digit of o(r)?
4
Suppose 0 = z - 3*l - 685, -4*z - 5*l + 917 = -1891. What is the tens digit of z?
9
Suppose 53 + 4555 = 24*s. What is the units digit of s?
2
Let r(a) = 11*a**3 - 2*a**2 + 20*a - 77. What is the units digit of r(5)?
8
Suppose -5*o + 8345 = 3*d, 0 = 11*o - 13*o - 3*d + 3347. What is the units digit of o?
6
Let k = 194 + -108. Let a = -36 + k. Suppose 3*x - a = x. What is the units digit of x?
5
Let j(h) = -2*h - 13. Let d be j(-9). Suppose 2*u + 453 = d*u. What is the units digit of u?
1
What is the thousands digit of 2/(-7)*-8267 - -8?
2
Let q = -2997 + 4978. What is the thousands digit of q?
1
Suppose -2*y = -3165 - 5427. What is the thousands digit of y?
4
Let c be 6 - 1 - (-6 + 7). Suppose g - c*g = -6. Suppose 0*v + 6 = g*v. What is the units digit of v?
3
Let i(y) = -y**3 - 5*y**2 - 5*y - 1. Let u be i(-4). What is the units digit of 72 + 1 + u + -5?
1
Let d be -2 + 9/3 + -1. Suppose d = 5*r - 4*r + 21. Let s = r + 54. What is the tens digit of s?
3
Let s(n) = n**2 + 7*n + 6. Let d be s(-7). Let q be (-7 + 1)/((-4)/d). Suppose -q*r + 4*r + 145 = 0. What is the tens digit of r?
2
Suppose 2968 - 83 = 5*s. What is the tens digit of s?
7
Let s(z) = z**2 + 7*z. Let x be s(-3). Let k = x - -17. What is the units digit of (-1)/1 + k*3?
4
Let l be 1 - (0 + -1 + -2). Let p be 4 - (-1 + (l - -3)). What is the tens digit of ((-9)/(27/438))/p?
7
Suppose 2*c = 3*f - 4*f + 1453, 3*c = 2*f - 2892. What is the hundreds digit of f?
4
Suppose 2*q + 63 = -2*n + 9, 3*q = 3*n + 75. Let l = -6 - n. What is the tens digit of l/((-3)/(-3)) - 0?
2
Let h be 8/(-3 + (-33)/(-9)). What is the tens digit of ((-40)/h)/((-4)/42)?
3
Let c(o) = -o**2 + 17*o - 14. Let k be -3 - (-3 + 1) - -3. Suppose -k*a + 3*a - 11 = 0. What is the units digit of c(a)?
2
Suppose -10*z = -2719 + 869. Let a = z - 120. What is the tens digit of a?
6
Let m(v) = 8*v - 19. Let k be m(3). Suppose -k*p = -3*h - 29, -5*p + 1 = -4*p + h. What is the units digit of p?
4
Let a be 65/(-10) + 4/(-8). Let o(d) = d**3 + 7*d**2 + d + 9. Let m be o(a). What is the units digit of m/(-1 + 95/90)?
6
Suppose -9*i + 10 = -8. Suppose 3*n = v - 0*n - 41, -i*v - 2*n = -42. What is the tens digit of v?
2
Let s = -12 - -25. Let o(b) = -2*b**2 + 24*b - 44. Let x be o(9). Let f = x + s. What is the tens digit of f?
2
Let o = 289 - 202. What is the units digit of o?
7
Let b be (3 + -1)*2 - (-2 - -9). Let g(f) = -10*f**3 + 4*f**2 + 7*f + 2. What is the units digit of g(b)?
7
Let w be 0 - (2 - (6 - 1)). Suppose 0 = w*h - 7 - 2. Suppose -93 = -3*a - 5*u, -3*a + 0*a + h*u + 69 = 0. What is the units digit of a?
6
What is the units digit of (38 + -32)/((-6)/4) - -2582?
8
Let x(k) = 338*k - 166. What is the thousands digit of x(7)?
2
Let u(t) = -t**3 + 3*t + 2. Let q be u(-3). Let p = -16 + q. What is the units digit of (2 + -1)*(p - 3)?
1
Suppose -5*d - 1747 = -4182. What is the tens digit of d?
8
Suppose -4*b - 2*d = -154, 0 = -6*b + b + 5*d + 155. Suppose 4*f = s - 0*s - 21, -4*f + 13 = s. Let y = b - s. What is the tens digit of y?
1
What is the units digit of ((-127)/(-7))/((-4)/(-28))?
7
Let o = -1 + 3. Suppose o*r + 36 = 5*r. Suppose -2 = -2*m + r. What is the units digit of m?
7
Let d(c) = -c**2 - 5*c - 6. Let r be d(-7). Let w be (r/15)/((-4)/9). What is the tens digit of (w/(-1))/((-7)/91)?
3
Suppose 13*z - 27104 = -4263. What is the units digit of z?
7
Let q(x) = 16*x - 6. Let o be q(6). Suppose -5 = -2*w + 1. Suppose -o = -w*h - 12. What is the units digit of h?
6
Let j(g) = 46*g + 456. What is the units digit of j(20)?
6
What is the units digit of ((-1173)/(-9))/(17/51)?
1
Let y = 29 - -23. Let w(g) = 4*g - 1. Let c be w(9). Let d = y - c. What is the tens digit of d?
1
Let i(b) = 72*b**2. Let h be i(-2). Suppose -11*m + h = -7*m. What is the tens digit of m?
7
Let l be 2/(-1 + 10/6). Suppose -i + 5*p + 28 = 0, -l*p - 16 = 3*i - 46. What is the tens digit of i?
1
Let w = -96 + 110. Let g(i) = -i**3 + 16*i**2 - 9*i - 21. What is the units digit of g(w)?
5
What is the tens digit of (-338)/(-6) - 10/(-6)?
5
Let s = 13 - 13. Suppose 0*r + 3*r + 5*a - 76 = 0, -3*r - a + 56 = s. Suppose -r = 3*m - 4*m. What is the tens digit of m?
1
Let c(b) = -b**3 - 4*b**2 - 17*b. What is the tens digit of c(-12)?
5
Let q = -7 + 5. Let o(a) = -6*a**3 + 4*a**2 + 2*a - 2. What is the units digit of o(q)?
8
Let p = 13 + -16. Let v = p + 10. Suppose 3*k - 44 = v. What is the units digit of k?
7
Let t(w) = 3*w**3 - 14*w**2 + 16*w - 12. Let z(v) = -8*v - 58. Let x be z(-8). What is the tens digit of t(x)?
2
Let b be 8/10 - 12/(-10). Let n(t) = t**2 - 10*t + 9. Let f be n(9). Suppose f = -b*h - 2*v + 64, -2*h + 43 = 5*v - 18. What is the units digit of h?
3
Let w(t) = 8*t - 2. Let s be w(6). Suppose -g + m - 38 = s, 0 = -4*g - m - 321. Let r = -58 - g. What is the tens digit of r?
2
Let l = 12 - 12. What is the tens digit of (l + -1)*(-4 + -22)?
2
Let m = -40 + 65. Suppose -m = -p - i - 2*i, 3*p = -2*i + 40. What is the units digit of p?
0
Let i(a) = -4*a**3 - a. Let h be i(-1). Suppose -b - 16 = -h*b. Suppose -b*u = -5*t + 32, -3*t + 5 = u - 21. What is the units digit of t?
8
Suppose -18*o - 19*o + 2960 = 0. Let f be (4 + -1)*10/6. Suppose 120 + o = f*y. What is the units digit of y?
0
Suppose 4*d - 2*d + 713 = 5*u, 3*u - 3*d - 435 = 0. Let s = -89 + u. What is the units digit of s?
2
Let h = -2 - -6. Suppose 0 = 2*l + n - 74 - 100, -2*l = h*n - 162. What is the units digit of l?
9
Let w(l) = -l**3 + 6*l**2 - 4*l + 7. Let o = 10 + -5. Let v be w(o). Suppose -3*m + 9 = -v. What is the units digit of m?
7
Let d(t) = 3*t + 10. Let b be d(-4). What is the units digit of ((-8)/b)/(-3 + 365/120)?
6
Suppose 3 = -3*o, 3*b = -6*o + 10*o + 1750. What is the hundreds digit of b?
5
Let l be -2 - -1 - (0 - 8). Let k(g) = g**3 - 14*g + 2*g + 7*g + l - 9*g**2. What is the units digit of k(10)?
7
Suppose -196 = -20*c + 384. What is the units digit of c?
9
Let i = -71 - -73. Suppose 0 = i*h + 3*g - 6*g - 70, -4*h = -5*g - 136. What is the tens digit of h?
2
Suppose 0*q = 2*q - 32. Suppose -4*v + 0*v + q = 0. Suppose 21 = -3*u + v*u. What is the tens digit of u?
2
Suppose -180 = u - 622. What is the tens digit of u?
4
Let m be (-2*38/8)/((-23)/(-46)). Let f(q) = 3*q**3 - 2*q**2 + 4*q + 1. Let j be f(3). Let s = j + m. What is the tens digit of s?
5
Let l = -77 - -79. What is the tens digit of (l - -4)/(2/59)?
7
Let q(y) = -y**3 + 9*y**2 - y + 11. Let n be q(9). Let j be (-2 - -2) + n/1. Suppose 0 = w - 2*g + 4, -5*w + j*g + 6 = -14. What is the units digit of w?
6
What is the hundreds digit of 1383 - (-11 + (-6 - -13))?
3
Let y be 45/18*2*1. Suppose 125 = y*i - 65. Let j = i + 6. What is the units digit of j?
4
Suppose -9*y = 2*y - 3927. What is the tens digit of y?
5
Suppose 10*y - 5*s = 6*y + 2501, -5*y - 4*s = -3075. What is the units digit of y?
9
Let r be (-1002)/(-4) - (-1)/(-2). Suppose -5*a = g - r, -52 + 304 = g + 3*a. What is the units digit of g?
5
Suppose 4*x = 5*k + 1, -k = -3*x + 4*x - 7. Suppose x*b + b + 2*q = 32, -4*b + 4*q = -20. Suppose -a + b*a = 105. What is the tens digit of a?
2
Let o be (-12)/(-9) + -1 + 4091/3. Suppose 20*p = 24*p - o. What is the hundreds digit of p?
3
Let h(r) = -r + 26. Let i(b) = 5. Let y(a) = -2*h(a) + 11*i(a). What is the units digit of y(4)?
1
Let i(b) = 1903*b - 15. What is the units digit of i(2)?
1
Let q = -465 - -937. Suppose 0 = -4*x - 5*j + j + q, -3*x - 4*j + 359 = 0. What is the hundreds digit of x?
1
Let n = 108 - -326. What is the units digit of n?
4
Suppose -12*m + 15*m = -3*y + 5580, 3*m - 5582 = -y. What is the units digit of m?
1
Let i(g) be the second derivative of g**4/1